 of 974256564?
4
What is the hundred thousands digit of 1032658329?
6
What is the ten thousands digit of 718867787?
6
What is the thousands digit of 7544826098?
6
What is the billions digit of 2023675622?
2
What is the ten thousands digit of 588185237?
8
What is the hundred thousands digit of 566492293?
4
What is the units digit of 2967454855?
5
What is the thousands digit of 691322429?
2
What is the hundreds digit of 981376690?
6
What is the hundred thousands digit of 152523?
1
What is the hundred thousands digit of 95107694?
1
What is the hundred thousands digit of 45637097?
6
What is the units digit of 202179102?
2
What is the tens digit of 208072073?
7
What is the millions digit of 211760180?
1
What is the hundred thousands digit of 124741558?
7
What is the thousands digit of 798996347?
6
What is the millions digit of 5595082?
5
What is the tens digit of 4845978666?
6
What is the ten millions digit of 182848852?
8
What is the millions digit of 93452146?
3
What is the hundreds digit of 56960427?
4
What is the units digit of 842831920?
0
What is the hundred millions digit of 304627702?
3
What is the hundred thousands digit of 222632301?
6
What is the tens digit of 787106936?
3
What is the ten millions digit of 153756658?
5
What is the units digit of 719735146?
6
What is the tens digit of 92288628?
2
What is the tens digit of 2462370761?
6
What is the hundred millions digit of 121436737?
1
What is the hundreds digit of 42924930?
9
What is the millions digit of 22729793?
2
What is the hundred millions digit of 380721393?
3
What is the units digit of 102056787?
7
What is the hundreds digit of 1468412652?
6
What is the hundred thousands digit of 34607384?
6
What is the millions digit of 3899383794?
9
What is the ten thousands digit of 1436377075?
7
What is the tens digit of 920600111?
1
What is the hundreds digit of 31995482?
4
What is the ten thousands digit of 548000356?
0
What is the units digit of 149887850?
0
What is the units digit of 3549900946?
6
What is the thousands digit of 16344343?
4
What is the tens digit of 884295659?
5
What is the units digit of 63810465?
5
What is the tens digit of 977499975?
7
What is the hundreds digit of 573538643?
6
What is the hundreds digit of 118774795?
7
What is the hundred thousands digit of 117246108?
2
What is the thousands digit of 234678839?
8
What is the ten millions digit of 38911434?
3
What is the thousands digit of 780614423?
4
What is the ten millions digit of 942773394?
4
What is the ten millions digit of 424210807?
2
What is the units digit of 262824725?
5
What is the hundred millions digit of 3155654359?
1
What is the hundreds digit of 145863132?
1
What is the ten millions digit of 70085279?
7
What is the thousands digit of 4098279698?
9
What is the units digit of 657027476?
6
What is the ten millions digit of 148665194?
4
What is the tens digit of 313473086?
8
What is the hundreds digit of 340938129?
1
What is the hundred millions digit of 3006668756?
0
What is the ten millions digit of 108614034?
0
What is the tens digit of 59853049?
4
What is the ten millions digit of 6148136533?
4
What is the thousands digit of 2432553311?
3
What is the thousands digit of 2697884737?
4
What is the hundred thousands digit of 623101261?
1
What is the hundreds digit of 118995060?
0
What is the ten millions digit of 190155324?
9
What is the hundred millions digit of 228849572?
2
What is the ten thousands digit of 411262776?
6
What is the thousands digit of 6044151630?
1
What is the millions digit of 248939786?
8
What is the units digit of 2187682630?
0
What is the ten thousands digit of 1801305580?
0
What is the units digit of 1913976858?
8
What is the millions digit of 413515375?
3
What is the millions digit of 106633305?
6
What is the thousands digit of 5990224747?
4
What is the hundred millions digit of 1520736106?
5
What is the hundred thousands digit of 174565631?
5
What is the ten thousands digit of 504632245?
3
What is the thousands digit of 149937905?
7
What is the units digit of 785354578?
8
What is the hundred thousands digit of 97965523?
9
What is the tens digit of 504407950?
5
What is the ten thousands digit of 451172702?
7
What is the ten millions digit of 55733150?
5
What is the millions digit of 74420387?
4
What is the hundred thousands digit of 936942856?
9
What is the hundreds digit of 1640024900?
9
What is the ten millions digit of 1084446504?
8
What is the hundred thousands digit of 53822804?
8
What is the units digit of 186342150?
0
What is the ten thousands digit of 5771506370?
0
What is the ten millions digit of 60597741?
6
What is the millions digit of 7246336?
7
What is the thousands digit of 2908560?
8
What is the ten millions digit of 84630734?
8
What is the ten millions digit of 567418746?
6
What is the hundreds digit of 27977911?
9
What is the hundreds digit of 3044996411?
4
What is the millions digit of 3516949?
3
What is the tens digit of 13910067?
6
What is the ten millions digit of 39673778?
3
What is the ten millions digit of 3966114301?
6
What is the millions digit of 1138480723?
8
What is the ten millions digit of 514967711?
1
What is the hundred thousands digit of 98303559?
3
What is the millions digit of 142965623?
2
What is the units digit of 715910059?
9
What is the hundred thousands digit of 83808145?
8
What is the hundred thousands digit of 528963258?
9
What is the units digit of 277216079?
9
What is the hundred thousands digit of 157148981?
1
What is the units digit of 3571818818?
8
What is the ten millions digit of 178823793?
7
What is the millions digit of 45356477?
5
What is the thousands digit of 3557616827?
6
What is the tens digit of 903099865?
6
What is the tens digit of 4878581?
8
What is the tens digit of 3199920545?
4
What is the tens digit of 13694231?
3
What is the tens digit of 281247013?
1
What is the hundreds digit of 294980083?
0
What is the millions digit of 4886872?
4
What is the ten thousands digit of 17575728?
7
What is the millions digit of 2804752?
2
What is the units digit of 134834450?
0
What is the hundred thousands digit of 23427740?
4
What is the ten thousands digit of 200658263?
5
What is the thousands digit of 91094281?
4
What is the units digit of 433014971?
1
What is the hundred thousands digit of 96566012?
5
What is the thousands digit of 70325831?
5
What is the ten millions digit of 1254854563?
5
What is the ten thousands digit of 266265968?
6
What is the units digit of 734700332?
2
What is the units digit of 537470269?
9
What is the billions digit of 3011031823?
3
What is the hundred thousands digit of 6050444?
0
What is the tens digit of 24537414?
1
What is the ten millions digit of 4823237025?
2
What is the thousands digit of 8805591?
5
What is the thousands digit of 2774016239?
6
What is the tens digit of 3596257?
5
What is the millions digit of 30787218?
0
What is the thousands digit of 345116652?
6
What is the units digit of 3351464038?
8
What is the ten thousands digit of 5540894133?
9
What is the units digit of 1413263?
3
What is the hundreds digit of 5867192188?
1
What is the ten millions digit of 188514209?
8
What is the thousands digit of 5197253855?
3
What is the hundreds digit of 90239717?
7
What is the millions digit of 20454826?
0
What is the thousands digit of 90736950?
6
What is the ten millions digit of 43338481?
4
What is the hundreds digit of 384176970?
9
What is the tens digit of 183299243?
4
What is the thousands digit of 37144455?
4
What is the thousands digit of 150856848?
6
What is the billions digit of 6008485232?
6
What is the thousands digit of 49608326?
8
What is the hundred thousands digit of 632253213?
2
What is the tens digit of 178310225?
2
What is the units digit of 213975646?
6
What is the hundred thousands digit of 1366603129?
6
What is the hundreds digit of 38302087?
0
What is the ten millions digit of 97538171?
9
What is the ten thousands digit of 9599587?
9
What is the ten millions digit of 56321216?
5
What is the hundreds digit of 2098028?
0
What is the billions digit of 1898331021?
1
What is the tens digit of 563360568?
6
What is the tens digit of 121426671?
7
What is the tens digit of 1931055?
5
What is the tens digit of 464500157?
5
What is the ten millions digit of 1012227506?
1
What is